hest common factor of 3507 and 1597188?
501
Calculate the highest common divisor of 3801920 and 8760.
40
Calculate the greatest common factor of 2335 and 293084530.
2335
Calculate the greatest common divisor of 65366 and 63618.
46
What is the greatest common divisor of 2922 and 4440437754?
2922
What is the greatest common divisor of 960036852 and 51?
51
Calculate the highest common factor of 6326601 and 3743.
19
Calculate the highest common factor of 14272 and 2179602.
446
Calculate the highest common divisor of 12642 and 332122.
98
What is the greatest common divisor of 596818560 and 130?
130
What is the highest common divisor of 625 and 46204250?
125
Calculate the highest common divisor of 932 and 9371726.
466
What is the greatest common factor of 1904255 and 16082?
731
What is the greatest common divisor of 8912 and 4796884?
2228
Calculate the highest common divisor of 18684 and 145908200.
692
What is the highest common factor of 1605780 and 2892?
12
What is the highest common divisor of 4 and 84154420?
4
What is the greatest common divisor of 139897 and 266?
19
Calculate the highest common factor of 25702816 and 6032.
464
What is the greatest common factor of 207 and 93858147?
207
What is the greatest common factor of 662144 and 968576?
896
What is the greatest common divisor of 18 and 185483367?
9
Calculate the highest common factor of 17325 and 34089.
33
Calculate the greatest common factor of 270 and 2285658.
54
Calculate the highest common divisor of 133699320 and 225.
45
Calculate the greatest common factor of 332 and 1584388.
4
Calculate the greatest common divisor of 1104594 and 45261.
141
Calculate the highest common factor of 580 and 13226900.
580
Calculate the greatest common divisor of 304232493 and 102.
51
Calculate the greatest common divisor of 1026 and 10707336.
1026
What is the highest common divisor of 164 and 167840019?
41
Calculate the greatest common factor of 22238298 and 89997.
393
What is the greatest common divisor of 36406314 and 58212?
2646
Calculate the highest common divisor of 5885 and 2729463.
1177
Calculate the greatest common divisor of 25 and 5380145.
5
Calculate the highest common factor of 168930 and 27360.
90
What is the highest common divisor of 23648 and 36834716?
2956
What is the highest common divisor of 330891 and 102549381?
8943
What is the greatest common factor of 51 and 36860930?
17
Calculate the greatest common factor of 26496 and 33661512.
1656
What is the greatest common divisor of 29 and 58593659?
29
Calculate the greatest common divisor of 533916 and 4032.
36
Calculate the highest common factor of 336173630 and 65.
65
Calculate the greatest common divisor of 789117 and 139125.
1113
Calculate the greatest common divisor of 52 and 8791684.
4
What is the highest common divisor of 3424075 and 200?
25
Calculate the greatest common divisor of 2610984 and 96.
24
What is the highest common divisor of 281789 and 37601?
19
What is the greatest common divisor of 434474103 and 1038?
519
Calculate the highest common factor of 2360 and 9922325.
295
What is the highest common factor of 618639 and 877629?
267
What is the highest common divisor of 152390 and 27146?
98
What is the highest common factor of 1936 and 2523697?
121
Calculate the highest common divisor of 3448 and 38842582.
862
Calculate the greatest common factor of 2204074 and 66130.
778
What is the highest common divisor of 707 and 3982228?
101
What is the greatest common divisor of 837 and 59071182?
93
What is the greatest common factor of 7638 and 133834?
2
What is the highest common divisor of 28021 and 35958949?
4003
Calculate the greatest common factor of 1965654 and 3471.
267
What is the greatest common divisor of 220798 and 341002?
106
What is the highest common factor of 7269 and 114242027?
2423
What is the highest common factor of 225434690 and 3770?
3770
Calculate the greatest common factor of 147673150 and 1550.
1550
What is the highest common divisor of 66 and 8992819?
11
What is the highest common factor of 17519250 and 6816?
426
Calculate the greatest common divisor of 11200 and 5324550.
350
What is the greatest common divisor of 140 and 224969360?
140
What is the highest common factor of 14924 and 3750656?
364
Calculate the highest common factor of 16224 and 3585920.
416
Calculate the highest common divisor of 2838 and 1029004878.
2838
What is the greatest common factor of 122794715 and 20?
5
Calculate the highest common divisor of 98 and 293404454.
98
Calculate the greatest common divisor of 62 and 1212813.
31
Calculate the greatest common factor of 67727 and 14934.
131
Calculate the highest common divisor of 6384 and 45419367.
399
Calculate the highest common factor of 8509524 and 90652.
692
Calculate the greatest common divisor of 63 and 6520556.
7
What is the greatest common factor of 26316555 and 30?
15
What is the highest common divisor of 12071778 and 7320?
366
Calculate the greatest common divisor of 24660721 and 263.
263
What is the greatest common divisor of 141 and 3505129?
1
Calculate the highest common divisor of 546 and 2080156.
26
Calculate the highest common divisor of 173734134 and 8694.
966
What is the highest common divisor of 1155 and 812385?
105
What is the highest common factor of 27558 and 308133?
9
What is the greatest common factor of 9115 and 501789865?
9115
What is the greatest common factor of 15515228 and 976?
244
Calculate the highest common divisor of 63992800 and 8160.
160
Calculate the highest common factor of 59837301 and 7158.
3579
What is the greatest common factor of 409010 and 8750?
70
Calculate the highest common divisor of 297 and 121203.
27
What is the greatest common divisor of 46440 and 70524945?
5805
Calculate the greatest common divisor of 8769070 and 32490.
190
What is the greatest common factor of 1852532943 and 894?
447
Calculate the greatest common factor of 24599 and 325805.
17
Calculate the highest common factor of 22 and 65032726.
22
What is the greatest common factor of 323484 and 3156?
12
Calculate the greatest common divisor of 73675 and 61600.
175
What is the greatest common divisor of 169642 and 385?
11
What is the greatest common divisor of 116776341 and 3102?
1551
Calculate the highest common factor of 4930240 and 1420.
1420
Calculate the highest common factor of 3841 and 67624646.
3841
What is the greatest common factor of 5785 and 577343?
1157
Calculate the greatest common factor of 4681 and 3836529.
31
Calculate the highest common divisor of 5199683 and 157.
157
What is the highest common divisor of 3345977 and 799?
47
What is the greatest common divisor of 315 and 77736855?
105
Calculate the highest common divisor of 32928 and 244104.
168
What is the highest common factor of 135 and 55433295?
135
Calculate the highest common factor of 374 and 7508611.
187
What is the highest common factor of 226874523 and 279?
93
Calculate the greatest common factor of 17885108 and 594560.
3716
What is the greatest common divisor of 6768916219 and 13?
13
Calculate the greatest common divisor of 4 and 562693.
1
What is the highest common divisor of 29285309 and 11342?
53
What is the greatest common divisor of 1246020 and 11400?
1140
What is the greatest common factor of 4653275 and 550?
275
Calculate the highest common divisor of 157972 and 3240908.
292
What is the highest common divisor of 750 and 414055125?
375
What is the greatest common factor of 5383 and 715848?
7
What is the greatest common divisor of 2368 and 381359?
37
Calculate the highest common divisor of 6102 and 1162710.
18
What is the greatest common factor of 3525 and 6081225?
75
What is the greatest common divisor of 5313211 and 89?
89
Calculate the greatest common factor of 6536052 and 192.
12
Calculate the highest common factor of 1844512 and 7360.
32
Calculate the highest common factor of 3363 and 2374.
1
Calculate the greatest common factor of 441 and 68285.
7
What is the greatest common divisor of 208 and 4203368?
104
Calculate the greatest common factor of 13317427 and 55674.
1031
What is the highest common factor of 9 and 103439493?
9
Calculate the greatest common divisor of 365154368 and 3768.
1256
What is the highest common factor of 2135 and 891149?
427
Calculate the highest common factor of 974884 and 59